6497?
8
What is the units digit of 4007783966?
6
What is the hundreds digit of 9317072?
0
What is the hundred thousands digit of 42677722?
6
What is the hundreds digit of 1589445669?
6
What is the millions digit of 477061183?
7
What is the millions digit of 3422360967?
2
What is the hundreds digit of 96992305?
3
What is the millions digit of 294531650?
4
What is the millions digit of 1450163947?
0
What is the hundreds digit of 180561962?
9
What is the millions digit of 113841217?
3
What is the hundred millions digit of 1508660390?
5
What is the thousands digit of 2071923950?
3
What is the tens digit of 418718116?
1
What is the hundred thousands digit of 1036506?
0
What is the units digit of 24041591?
1
What is the units digit of 32572735?
5
What is the tens digit of 1123088373?
7
What is the hundreds digit of 150373839?
8
What is the millions digit of 121255478?
1
What is the hundreds digit of 78160489?
4
What is the hundred thousands digit of 122825334?
8
What is the thousands digit of 38722760?
2
What is the hundred thousands digit of 6386739003?
7
What is the units digit of 67533864?
4
What is the tens digit of 433454556?
5
What is the ten millions digit of 295376960?
9
What is the hundreds digit of 807498396?
3
What is the hundreds digit of 1301371020?
0
What is the millions digit of 1270893116?
0
What is the ten millions digit of 69045252?
6
What is the hundreds digit of 15623974?
9
What is the billions digit of 1664638224?
1
What is the millions digit of 100091606?
0
What is the ten millions digit of 114695789?
1
What is the tens digit of 235123156?
5
What is the units digit of 358664250?
0
What is the tens digit of 36255198?
9
What is the hundreds digit of 1327144119?
1
What is the hundreds digit of 1585808819?
8
What is the hundreds digit of 394431?
4
What is the thousands digit of 417290852?
0
What is the millions digit of 72942323?
2
What is the ten thousands digit of 710310250?
1
What is the hundred millions digit of 228228218?
2
What is the hundred millions digit of 241801379?
2
What is the units digit of 213201007?
7
What is the ten millions digit of 5526902063?
2
What is the hundreds digit of 107138957?
9
What is the ten millions digit of 214394375?
1
What is the units digit of 595993836?
6
What is the units digit of 43487277?
7
What is the thousands digit of 39781807?
1
What is the billions digit of 7613806574?
7
What is the millions digit of 24775042?
4
What is the hundred thousands digit of 12729134?
7
What is the hundreds digit of 69497950?
9
What is the ten thousands digit of 605787018?
8
What is the thousands digit of 1852858191?
8
What is the thousands digit of 8118985?
8
What is the thousands digit of 2334622421?
2
What is the hundreds digit of 496255214?
2
What is the hundreds digit of 14304866?
8
What is the hundreds digit of 585426601?
6
What is the units digit of 386597344?
4
What is the hundreds digit of 101619088?
0
What is the hundred millions digit of 1473788814?
4
What is the units digit of 4282127306?
6
What is the hundred millions digit of 3190675865?
1
What is the units digit of 8972183?
3
What is the thousands digit of 5636543922?
3
What is the thousands digit of 600134361?
4
What is the tens digit of 355352294?
9
What is the millions digit of 319314692?
9
What is the ten thousands digit of 170517?
7
What is the billions digit of 2413078283?
2
What is the hundred thousands digit of 699057046?
0
What is the thousands digit of 907411051?
1
What is the millions digit of 7878793814?
8
What is the tens digit of 548754196?
9
What is the thousands digit of 648074210?
4
What is the ten millions digit of 194260358?
9
What is the tens digit of 727659293?
9
What is the thousands digit of 147026761?
6
What is the hundred thousands digit of 249966190?
9
What is the hundred thousands digit of 86101816?
1
What is the ten thousands digit of 209295362?
9
What is the ten millions digit of 40012072?
4
What is the tens digit of 183829806?
0
What is the hundreds digit of 194035114?
1
What is the hundred thousands digit of 70482202?
4
What is the hundred thousands digit of 50664468?
6
What is the hundreds digit of 27902127?
1
What is the hundreds digit of 46118222?
2
What is the thousands digit of 119719993?
9
What is the thousands digit of 38665127?
5
What is the ten millions digit of 746245040?
4
What is the hundred thousands digit of 2242216445?
2
What is the hundred thousands digit of 120272700?
2
What is the hundred thousands digit of 829846934?
8
What is the hundred thousands digit of 2889649535?
6
What is the thousands digit of 45448791?
8
What is the tens digit of 1202767273?
7
What is the units digit of 2682969386?
6
What is the hundred millions digit of 127469675?
1
What is the units digit of 788492941?
1
What is the hundreds digit of 870094087?
0
What is the tens digit of 19475114?
1
What is the millions digit of 51796828?
1
What is the hundred thousands digit of 57641233?
6
What is the thousands digit of 2407024211?
4
What is the tens digit of 10700379?
7
What is the millions digit of 20031835?
0
What is the ten thousands digit of 356195506?
9
What is the tens digit of 47933831?
3
What is the millions digit of 325699444?
5
What is the hundred millions digit of 3400433445?
4
What is the tens digit of 73660082?
8
What is the hundred thousands digit of 47164834?
1
What is the units digit of 1466169261?
1
What is the hundreds digit of 20950288?
2
What is the thousands digit of 1012968069?
8
What is the hundred thousands digit of 34979463?
9
What is the units digit of 451152370?
0
What is the ten millions digit of 46703444?
4
What is the millions digit of 340595697?
0
What is the hundreds digit of 85326589?
5
What is the millions digit of 238202024?
8
What is the millions digit of 85325082?
5
What is the millions digit of 20875364?
0
What is the ten thousands digit of 966119744?
1
What is the tens digit of 81446015?
1
What is the ten millions digit of 42399564?
4
What is the millions digit of 474104770?
4
What is the thousands digit of 286763036?
3
What is the billions digit of 3507615596?
3
What is the ten millions digit of 1544203611?
4
What is the hundreds digit of 3924828497?
4
What is the thousands digit of 141503038?
3
What is the units digit of 3820270265?
5
What is the millions digit of 553330160?
3
What is the ten thousands digit of 1459193191?
9
What is the tens digit of 52933392?
9
What is the tens digit of 1364792124?
2
What is the units digit of 78127910?
0
What is the ten millions digit of 432452769?
3
What is the hundred thousands digit of 1585167279?
1
What is the hundred thousands digit of 2006120486?
1
What is the thousands digit of 5514390299?
0
What is the units digit of 1034823856?
6
What is the hundred thousands digit of 1085880913?
8
What is the tens digit of 117900624?
2
What is the ten thousands digit of 92007771?
0
What is the hundred thousands digit of 1019285950?
2
What is the units digit of 190363847?
7
What is the ten millions digit of 50461343?
5
What is the units digit of 141119090?
0
What is the ten thousands digit of 1230420?
3
What is the ten thousands digit of 1509715213?
1
What is the hundred thousands digit of 16989300?
9
What is the hundred thousands digit of 1124492671?
4
What is the tens digit of 19235427?
2
What is the hundreds digit of 3495275529?
5
What is the hundreds digit of 400827808?
8
What is the ten millions digit of 40818798?
4
What is the hundreds digit of 134324488?
4
What is the thousands digit of 42565415?
5
What is the millions digit of 1079992422?
9
What is the hundred thousands digit of 660801249?
8
What is the hundreds digit of 83558787?
7
What is the hundred millions digit of 8998300931?
9
What is the millions digit of 27189469?
7
What is the millions digit of 8325532?
8
What is the millions digit of 749196965?
9
What is the hundreds digit of 123524876?
8
What is the tens digit of 419674899?
9
What is the ten millions digit of 43992188?
4
What is the tens digit of 85483151?
5
What is the units digit of 383493665?
5
What is the tens digit of 51026410?
1
What is the thousands digit of 83557577?
7
What is the units digit of 212345002?
2
What is the thousands digit of 805447824?
7
What is the units digit of 623762589?
9
What is the billions digit of 5445090375?
5